est common factor of 639 and 637722.
639
What is the greatest common factor of 4830 and 357?
21
Calculate the greatest common divisor of 88760 and 120.
40
What is the greatest common divisor of 5048 and 2448?
8
What is the greatest common divisor of 306030 and 1010?
1010
Calculate the highest common divisor of 5539 and 7831.
191
Calculate the greatest common divisor of 750 and 26325.
75
What is the highest common factor of 936 and 62868?
156
Calculate the greatest common divisor of 9032289 and 42.
21
Calculate the highest common factor of 1920 and 5720.
40
What is the highest common factor of 1692 and 147564?
36
What is the highest common divisor of 459 and 2414?
17
Calculate the highest common divisor of 5118 and 138.
6
Calculate the greatest common factor of 16 and 64594.
2
What is the highest common divisor of 8900 and 22784?
356
What is the greatest common factor of 4669 and 241454?
667
Calculate the greatest common factor of 3154 and 1045.
19
Calculate the highest common divisor of 9854 and 35626.
758
Calculate the highest common divisor of 6943 and 6731.
53
Calculate the highest common divisor of 522 and 352818.
18
Calculate the highest common factor of 380 and 67450.
190
What is the highest common factor of 17 and 17323?
17
What is the highest common divisor of 13038 and 424?
106
What is the greatest common factor of 4999202 and 2444?
1222
Calculate the highest common factor of 688 and 1892.
172
What is the greatest common divisor of 9904748 and 1736?
868
What is the highest common factor of 166008 and 120?
24
Calculate the highest common factor of 255 and 12435.
15
What is the greatest common factor of 57974 and 56?
14
What is the greatest common factor of 2257 and 94942?
37
Calculate the highest common factor of 1358 and 1485070.
194
Calculate the highest common divisor of 81 and 233847.
81
Calculate the highest common divisor of 1460 and 80.
20
What is the greatest common factor of 1316 and 217469?
329
What is the greatest common divisor of 5698 and 77?
77
What is the greatest common factor of 2700 and 2205?
45
Calculate the greatest common divisor of 1200 and 3696600.
600
Calculate the greatest common divisor of 207069 and 69.
69
What is the greatest common factor of 24 and 5155812?
12
Calculate the greatest common divisor of 42 and 34074.
6
Calculate the greatest common divisor of 17 and 15241741.
17
What is the highest common factor of 419790 and 84?
42
Calculate the highest common divisor of 338170 and 490.
70
What is the greatest common factor of 153 and 7776?
9
What is the greatest common divisor of 5069 and 1370?
137
Calculate the highest common divisor of 11122 and 4.
2
Calculate the greatest common divisor of 140829 and 78.
39
What is the greatest common factor of 168 and 2744?
56
Calculate the highest common divisor of 380972 and 10373.
943
What is the greatest common divisor of 493 and 10962?
29
What is the greatest common divisor of 4960 and 4620?
20
What is the greatest common divisor of 10887 and 23427?
57
Calculate the highest common factor of 8748 and 12372.
12
What is the highest common factor of 23700 and 5420?
20
Calculate the greatest common factor of 38837 and 8752.
547
What is the highest common factor of 4872 and 261?
87
Calculate the greatest common factor of 83327 and 103.
103
What is the greatest common divisor of 19 and 4332?
19
Calculate the highest common divisor of 62252 and 16548.
788
What is the greatest common factor of 182 and 64246?
182
What is the greatest common divisor of 245336 and 1092?
364
What is the highest common divisor of 198 and 18051?
33
Calculate the greatest common divisor of 408518 and 93.
31
Calculate the greatest common factor of 21270 and 18660.
30
Calculate the greatest common divisor of 122864 and 448.
112
What is the highest common factor of 159395 and 898?
449
Calculate the greatest common divisor of 17360 and 80.
80
Calculate the greatest common factor of 60 and 87345.
15
Calculate the highest common divisor of 1048 and 969793.
131
What is the highest common factor of 1298978 and 2792?
698
Calculate the highest common divisor of 558 and 50346.
18
Calculate the highest common factor of 152 and 2698.
38
Calculate the greatest common divisor of 22 and 960839.
11
Calculate the highest common divisor of 643034 and 28.
14
What is the highest common factor of 196 and 1719004?
28
What is the highest common factor of 2823293 and 121?
121
Calculate the highest common factor of 1664789 and 14.
7
Calculate the greatest common factor of 35350 and 280.
70
Calculate the highest common divisor of 13932 and 180772.
172
Calculate the highest common factor of 136 and 5938576.
136
What is the highest common factor of 1410 and 328812?
282
Calculate the greatest common divisor of 271091 and 346.
173
What is the highest common divisor of 84036 and 60?
12
What is the highest common divisor of 8400 and 88725?
525
What is the greatest common factor of 781722 and 5072?
634
Calculate the greatest common divisor of 7869 and 6649.
61
Calculate the greatest common factor of 39 and 245193.
39
What is the highest common factor of 4897 and 3776?
59
Calculate the greatest common divisor of 995 and 35.
5
What is the highest common divisor of 1027 and 1343?
79
Calculate the highest common divisor of 12095 and 5015.
295
What is the highest common factor of 619365 and 8635?
785
What is the highest common factor of 186 and 108314?
62
Calculate the highest common factor of 896 and 2044.
28
What is the greatest common factor of 1514573 and 23?
23
What is the greatest common factor of 225652 and 28?
28
Calculate the highest common factor of 20768 and 416.
32
What is the highest common factor of 34150 and 28925?
25
What is the highest common factor of 36 and 2832507?
9
What is the highest common factor of 248 and 2016?
8
Calculate the greatest common factor of 34905 and 8320.
65
Calculate the greatest common divisor of 2261322 and 4716.
2358
Calculate the highest common divisor of 2505147 and 47.
47
What is the highest common divisor of 52938 and 6747?
519
Calculate the highest common factor of 2499 and 24752.
119
What is the greatest common factor of 17 and 286807?
17
What is the highest common divisor of 2658 and 516?
6
What is the greatest common factor of 4335 and 105?
15
What is the greatest common divisor of 3031599 and 309?
309
What is the highest common divisor of 61372 and 21708?
268
Calculate the highest common divisor of 184 and 830.
2
What is the greatest common divisor of 9 and 209850?
3
What is the highest common factor of 97185 and 418?
209
What is the greatest common divisor of 16 and 12568?
8
Calculate the greatest common factor of 230396 and 52580.
956
What is the highest common divisor of 293176 and 65?
13
What is the highest common factor of 1852305 and 1380?
345
Calculate the greatest common factor of 113043 and 294.
147
Calculate the greatest common factor of 224688 and 372.
372
Calculate the highest common factor of 266 and 316046.
38
Calculate the greatest common divisor of 160377 and 2.
1
Calculate the greatest common factor of 101248 and 224.
224
What is the greatest common divisor of 360 and 121320?
360
Calculate the greatest common factor of 21324 and 12.
12
Calculate the greatest common factor of 654 and 59078.
218
Calculate the greatest common divisor of 90 and 53685.
45
What is the greatest common divisor of 2511 and 13284?
81
Calculate the highest common factor of 212 and 157.
1
What is the highest common factor of 15 and 116565?
15
What is the greatest common divisor of 4118 and 406?
58
Calculate the greatest common factor of 10288 and 8521036.
2572
Calculate the highest common factor of 372 and 41850.
186
Calculate the highest common divisor of 1718 and 6.
2
Calculate the greatest common divisor of 54791 and 221.
17
Calculate the highest common divisor of 4312 and 72765.
539
What is the greatest common factor of 2074 and 986?
34
What is the greatest common factor of 72243 and 713?
23
Calculate the highest common divisor of 101850 and 42.
42
Calculate the greatest common factor of 2556206 and 863.
863
Calculate the highest common factor of 522 and 36225.
9
What is the greatest common factor of 1120 and 17612560?
560
What is the highest common divisor of 4838 and 159080?
82
What is 